- g**2 + g. Let t(d) = -2*d**3 + d + 4. Let n(o) = -k(o) + t(o). Give n(0).
4
Let a(u) be the second derivative of -u**6/12 + u**4/24 + 2*u**2 + 5*u. Let x(h) be the first derivative of a(h). Give x(1).
-9
Let c(y) = 3*y + 6. Suppose -20 = -2*d + 4*g, 23 = 4*d + d - g. Suppose 0 = -5*w - 47 + 2. Let u = d + w. Give c(u).
-9
Let x(g) = g + 1. Let f = 6 - 2. Suppose j = -3*j - f. Calculate x(j).
0
Let y = -119 + 121. Let i(o) be the first derivative of 2*o - y + 1/2*o**2. Give i(5).
7
Let z(h) be the second derivative of h + 0 + 1/6*h**4 + 0*h**3 + 1/720*h**6 + 0*h**2 + 1/60*h**5. Let a(f) be the third derivative of z(f). What is a(-6)?
-4
Let y(o) = 4*o. Let d(v) = -6*v. Let l(r) = -5*d(r) - 6*y(r). What is l(-1)?
-6
Let n(u) = -u**2 - 1. Suppose -a = -4*x - 8 + 3, 0 = -3*a - 9. Let y be n(x). Let h(q) = -q**2 - 2*q. What is h(y)?
-15
Suppose -5*f + 35 = 5*s, -f + 4 = -1. Let g(h) be the first derivative of h**3/3 + 3*h**2/2 - 2*h - 1. Calculate g(s).
8
Let r(t) = t**2 + 4*t - 2. Let q be r(4). Let x be q/4 - 6/4. Let f(v) = v - 5. Give f(x).
1
Let k(w) = 220*w - 35. Let l(p) = 13*p - 2. Let h(s) = -4*k(s) + 70*l(s). Let o(n) = -n. Let r(z) = -h(z) - 25*o(z). Determine r(1).
-5
Let v be -2*3 - (-2)/1. Let z(l) = -5 + 2*l - 6*l + 2*l + 5*l + l**2. Calculate z(v).
-1
Let h(i) = -8*i**3 + 9*i**2 + 3*i. Let b(o) = -4*o**3 + 5*o**2 + 2*o. Let n(y) = 5*b(y) - 3*h(y). Give n(1).
3
Let q be (3/6)/(4/(-16)). Let v(n) = n + 2. Let l be v(q). Let o(h) = -h + 6. What is o(l)?
6
Let m be (-4)/(-10) - (-248)/(-20). Let d be 5/((-15)/(-6)) + m. Let r be (d/(-4) + -2)*2. Let n(u) = u**2 - 1. Give n(r).
0
Let u(o) = -4 + 4*o**2 - 1 + 2*o + 4. Let a = -6 + 9. Suppose 0 = 5*r - a - 2. Calculate u(r).
5
Let n = -94 + 96. Let u(d) = -17*d + 3. Calculate u(n).
-31
Let y(r) = -4*r - 1 + 6 + r**2 + 0 + 0. Give y(5).
10
Let u(x) = x**2 - 5*x - 5. Let k be 0 - 4/(-1) - -1. Determine u(k).
-5
Let w = 9 - 6. Let d(p) = w - 8 + 4*p - 2*p. Determine d(4).
3
Let t(n) be the first derivative of -n**4/4 + 2*n**3 - 4*n**2 + 7*n + 7. Determine t(5).
-8
Suppose -4*y = -5*n - 0*y + 17, 0 = 3*y - 6. Suppose 2*f - 3 - n = 0. Suppose 0 = 4*o - f*h, h - 2 = 1. Let a(c) = -2*c**2 + 5*c - 2. What is a(o)?
-5
Let s(r) = 3*r**2 - 2*r - 3. Let b = 15 + -15. Suppose 2*l - 5*t - 10 = -4, -3*t - 6 = b. Determine s(l).
13
Let z(o) = 4*o**2 - 8*o + 5. Let m(j) = -3*j**2 + 5*j - 3. Suppose 60 = -2*k - 2*k. Let s = -22 - k. Let q(p) = s*m(p) - 5*z(p). Determine q(-5).
-4
Let v(f) = 4*f. Suppose 1 = g + 2*l - 4, -3*g - l = -25. Let d = g - 7. Calculate v(d).
8
Suppose 0*u = -3*v - 3*u + 21, 0 = 4*u - 20. Let b(a) = 4*a**2 - 2*a - 1. Let w(i) = 7*i**2 - 4*i - 2. Let s(j) = 5*b(j) - 3*w(j). Determine s(v).
1
Let i(r) be the first derivative of r**3/3 + 5*r**2/2 - 8*r + 3. Let b be i(-6). Let z(a) = 7 - 2*a**2 - 3*a + 0*a - 10. Determine z(b).
-5
Let w(d) = 6 - 5*d + 5*d - 1 - d. Determine w(5).
0
Let u(f) = -f**2 - 2*f + 10. Let n be u(-5). Let v(w) = -w + 1. Give v(n).
6
Let o(h) = 10*h**2 + 7*h**2 - 34*h**2 - 3*h + 13*h**2 + 1. Give o(2).
-21
Let m(p) = 2*p + 7. Suppose 5*c + 30 = -2*d, 5*c + 30 = 4*d - 2*d. Let z be 38/c - (-3)/9. Give m(z).
-5
Let h be (-13)/(-78)*-2 - (-4)/3. Let u(g) be the first derivative of -3*g**2/2 + g + 1. Calculate u(h).
-2
Suppose 0 = -4*q - 4*t + 16, -5*t = 5*q - q - 20. Let z(w) = -w**2 - w - 1. Calculate z(q).
-1
Let l(c) = c**2 + c + 1. Let g be l(-1). Let w(r) = 2 - 5 + 4 - 3*r. What is w(g)?
-2
Let x(m) = -m**3 - 10*m**2 - 11*m - 13. Suppose -3*o = -7*o + j - 32, 3*o = -4*j - 43. Give x(o).
5
Let w(s) = s**2 + s + 2. Let m(h) = 4*h**2 + 5*h + 9. Suppose 4 = -4*q - 4. Let a(x) = q*m(x) + 9*w(x). Let c = -24 - -26. Calculate a(c).
2
Suppose 0 = -y - 4*y + 10. Let g(j) = j**3 + j - 1. Let o(h) = -26*h**3 + 23*h**3 + 4*h**2 - 4*h**2 - 3*h - 2*h**2 + 2. Let a(c) = 5*g(c) + o(c). What is a(y)?
9
Let p(l) = 13*l**3 + l**2 + l - 1. Suppose 6*y + 1 - 7 = 0. Determine p(y).
14
Let j(i) be the first derivative of 5*i**4/2 - i**3/3 - i**2/2 + i + 37. Calculate j(1).
9
Let r = 20 + -20. Let x be r + 1*12/3. Let g(i) = 4 - 8*i + 6*i**2 + 0*i + i - i**3. Give g(x).
8
Let i(w) = 4 - 2 - w + 3 - 3. Let o be i(2). Let m(y) = -y**3 - y**2 + 4. Determine m(o).
4
Let k(y) = -y**3 - 3*y**2 + y - 2. Let u(d) = 2*d + 2. Let o be u(2). Suppose -5*c - o - 14 = 0. Give k(c).
10
Let t(c) = 1 + 0 + 0*c + c**2 + c. Calculate t(-1).
1
Let b be 13/5 + (-12)/20. Let r = -3 + b. Let n(c) = -8*c**3 + c**2 - 1. Calculate n(r).
8
Let w(x) = -2*x + 4. Let g = -2 - -3. Let k(d) = -d - 1. Let y(m) = g*w(m) + 5*k(m). Suppose -5*a - 7 = 3*i, -a + 2*i + 21 = -3*i. What is y(a)?
-8
Let n = 5 + -2. Let h(y) be the first derivative of y**3/6 + 2*y**2 + y + 1. Let c(u) be the first derivative of h(u). Give c(n).
7
Let j be (1 + (-9)/(-6))*(-3 + 5). Let i(s) = -s**2 + 6*s - 5. Calculate i(j).
0
Let v(o) be the third derivative of o**8/20160 - o**7/840 - o**6/120 - o**5/12 - 10*o**2. Let a(d) be the third derivative of v(d). Give a(6).
-6
Let d(i) = -14*i**2 + 6*i + 1. Let w(g) = 42*g**2 - 17*g - 3. Let q(z) = -17*d(z) - 6*w(z). Calculate q(1).
-13
Let g(j) = -j. Let b be g(5). Let l(d) = -d**2 - 4*d - 1. Let h be l(-3). Let t(v) = 1 + 0*v + v - h. Determine t(b).
-6
Let v(a) = a**3 + 7*a**2 + 6*a + 2. Let m be v(-6). Let k(d) be the second derivative of d**5/20 - d**4/6 - d**3/6 - d**2/2 - 2*d. What is k(m)?
-3
Let x(m) = -5*m - m**3 + 3*m - m**2 - 3*m**2 - 2. Give x(-4).
6
Let n(i) be the second derivative of -i**5/20 - i**4/12 + i**2/2 + 10*i. Determine n(2).
-11
Suppose -5*k + 7 = -3. Suppose 0 = -3*x + 5*h - 27, -k*h + h - 1 = x. Let o(n) = -n + 2. Calculate o(x).
6
Let c be (-92)/(-28) - (-6)/(-21). Let p(v) = 5 - c*v - 2*v**2 + v**2 - 2*v + 0*v**2. Give p(-6).
-1
Let s(u) be the third derivative of -u**5/60 - u**4/12 - 29*u**2. Give s(-3).
-3
Let a(b) = -b**3 + 8*b**2 - 7*b + 3. Let w be (15/(-9) - -2)*21. Give a(w).
3
Suppose -p - w + 1 = w, 0 = 4*p + 3*w - 14. Let y be p*(6/2 + -2). Let a(q) = -q**2 + 6*q. Determine a(y).
5
Let w = -45 - -45. Let g(d) = d**3 - 2*d + 5. Let o(u) = -2*u**3 + 3*u - 5. Let k(q) = 3*g(q) + 2*o(q). Determine k(w).
5
Let j(l) = -2*l + 12*l**2 - 18*l**2 + l**3 - 5 + 8*l. Calculate j(5).
0
Let d(a) = a**3 - 4*a**2 + 3*a - 3. Let q(l) = -7*l. Let o be q(1). Let w = o - -10. Calculate d(w).
-3
Let w(k) = k - 3 + 3 + 2. Let o(t) = t + 1. Let d(n) = 3*o(n) - w(n). Determine d(-3).
-5
Let u = -23 - -31. Let d(r) = r - 5. Give d(u).
3
Let u(v) = v - 6. Let d be ((-35)/21)/(2/(-6)). Give u(d).
-1
Let r(u) be the second derivative of -u**5/20 + u**4/2 - 4*u**3/3 + 3*u**2/2 + 4*u. Calculate r(5).
-12
Let w(q) = -q**3 + 4*q**2 + 5*q + 2. Let l = 3 + 2. Suppose -3*t - 12 = -l*t. Let s = t + -1. Calculate w(s).
2
Suppose -3*l + 6 = -l. Let y(v) = -v - 9. Let d be y(-12). Let h(n) = 3*n**2 - d + n**2 + 2*n - 6*n**2 + n**2. Determine h(l).
-6
Let a(q) = -4*q + 0*q + 8 + 5*q + 0*q. Calculate a(-6).
2
Let t(n) be the third derivative of n**5/20 - n**4/6 + n**3/3 + n**2 + 6*n. Let l(y) = y**3 - 5*y**2 - 6*y + 2. Let z be l(6). Determine t(z).
6
Let h(k) be the first derivative of -k**3/3 + 3*k**2/2 + 3*k + 1. Let n be (1 - -1) + 3 - 1. What is h(n)?
-1
Let g be 10/(-6)*8*-3. Let j be (6/8)/(5/g). Let s(x) = x + 1. Give s(j).
7
Let k(v) = v**3 - 7*v**2 + 3*v + 12. Let g be k(6). Let r(x) = -x**2 - 5*x + 4. Give r(g).
-2
Let u(z) = -z + 1 + 7 + 2*z - 2. Let l(r) = -1. Let v(b) = 2*l(b) + u(b). Determine v(-6).
-2
Let b(x) = -3*x - 5*x**2 + 4 - 5 - x**3 + 5. What is b(-3)?
-5
Let u(t) = -3*t**3 + t**2. Let f be u(-1). Let b(i) be the third derivative of -i**4/12 + 5*i**3/6 - 15*i**2. Give b(f).
-3
Let o(j) = -89 + 3*j**2 - j**2 + 43 + 45. Give o(-2).
7
Let n be (-2)/(-8) - (-14)/8. Let w(h) = 0*h**2 - 4*h**3 - 4*h**n - 2*h + 2*h**2 - 1. Suppose -3*j - 5*q - 23 = 0, 4*q + 11 = -2*j + 7*j. Give w(j).
3
Let o(v) be the first derivative of v**3/3 - 7*v**2/2 + 10. What is o(5)?
-10
Suppose 131 - 6 = 5*r. Suppose 4*w - 7*q + 3*q + 20 = 0, 0 = 5*q - r. Let d(k) = -k**3 + k**2 - 3. Calculate d(w).
-3
Suppose -6*d - 53 = -29. Let u(b) = -b**2 - 3*b + 5. Determine u(d).
1
Let s(c) = c**2 + 7*c - 2. Let o(y) = -6*y - 37. Let m be o(-5). What is s(m)?
-2
Let x(z) = -3*z**2 - 38*z + 5. Let g(w) = w**2 + 1